{"id":521,"date":"2021-11-30T18:22:47","date_gmt":"2021-11-30T17:22:47","guid":{"rendered":"https:\/\/quantumhair.de\/?page_id=521"},"modified":"2021-11-30T21:12:18","modified_gmt":"2021-11-30T20:12:18","slug":"hygienekonzept","status":"publish","type":"page","link":"https:\/\/quantumhair.de\/?page_id=521","title":{"rendered":"Hygienekonzept"},"content":{"rendered":"\n<p><strong><u>Hygienekonzept&nbsp; QuantumHair<\/u><\/strong><\/p>\n\n\n\n<p><strong>Ablauf einer Behandlung unter besonderen hygienischen Ma\u00dfnahmen<\/strong><\/p>\n\n\n\n<p><strong>&#8212; Stand 14.10.2021 &#8212;<\/strong><\/p>\n\n\n\n<p>Seit Donnerstag dem 14.10.2021 gilt Warnstufe 0 mit 3G. Hei\u00dft der Kunde muss vorab nachgewiesen getestet, genesen oder geimpft sein. F\u00fcr Geimpfte entf\u00e4llt die Maskenpflicht. Ich, (der Friseur) trage weiterhin, trotz Impfung w\u00e4hrend der Pandemie Maske um Euch zu sch\u00fctzen. Bei Warnstufe 0 entfallen weitestgehend alle Beschr\u00e4nkungen. Die \u00fcblichen hygienegrundlagen bleiben weiterhin bestehend. Bei steigender Warnstufe werden auch die Kontroll- und Schutzma\u00dfnahmen angepa\u00dft<\/p>\n\n\n\n<p><strong><span style=\"text-decoration: underline;\">wer, wie, wann<\/span><\/strong><\/p>\n\n\n\n<p>Vorrausetzung einer Behandlung ist eine Terminabsprache, in der vorab alle wichtigen Informationen abgestimmt werden wie Personendaten zur Nachverfolgung, Dienstleistung f\u00fcr die Zeitplanung und eventuelle Besonderheiten.<\/p>\n\n\n\n<p>Es befinden sich zeitgleich im Salon 2 Personen, der Friseur und Kunde. Lediglich aus einem Haushalt darf eine weitere Person mit medizinischem Mundschutz und Abstand auf zugewiesenen Platz. Beispielsweise Kind mit Elternteil oder Paare.<\/p>\n\n\n\n<p>Sollte es dem Kunden nicht m\u00f6glich sein aus irgendwelchen Gr\u00fcnden eine Schutzmaske zu tragen, setzt dies Absprache und einen vorherigen Test voraus, welcher nicht \u00e4lter als 24 h sein darf. Dies gilt sowohl f\u00fcr den Kunden, als auch Friseur. Der Friseur muss weiterhin unter solchen Bedingungen zus\u00e4tzlich einen Gesichtsschutz wie Visier oder Schutzbrille tragen.<\/p>\n\n\n\n<ul class=\"wp-block-list\"><li>Der Raum<\/li><\/ul>\n\n\n\n<p>Die T\u00fcr ist von au\u00dfen verschlossen (nur von innen zu \u00f6ffnen), so das nur Berechtigte Personen Zugang haben. Die T\u00fcr wird stets vom Friseur ge\u00f6ffnet, dass kein Kontakt mit der Klinke stattfinden kann. An warmen Tagen wird die T\u00fcr offen gehalten um frische Luft zu zuf\u00fchren. Ein absperrband hindert an unbefugten Zutritt.<\/p>\n\n\n\n<p>Hinter den Waschanlagen ist ein Aerosolfilter, \u00fcber dem Arbeits- \/ Bedienplatz ist st\u00e4ndig ein Kippfenster ge\u00f6ffnet.<\/p>\n\n\n\n<p>Nach jedem Kunden oder auch zwischen Einwirkzeiten findet ein Luftaustausch statt.<\/p>\n\n\n\n<p>Es gibt keinen Service wie Getr\u00e4nke oder Zeitschriften.<\/p>\n\n\n\n<p>Handt\u00fccher werden nach jeder Benutzung in einem speziellen Sack entsorgt und gewaschen.<\/p>\n\n\n\n<p>Alle frischen Handt\u00fccher, Umh\u00e4nge, aber auch andere Kontaktgegenst\u00e4nde werden sterilisiert.<\/p>\n\n\n\n<p>Prinzipiell gilt es einen kleinen, zugewiesenen, nachvollziehbaren Bereich zur Verf\u00fcgung zu stellen, welcher nach jeder Nutzung sofort gereinigt und desinfiziert wird.<\/p>\n\n\n\n<p>Die Kunden sind angehalten, die Nutzung der sanit\u00e4ren Anlage m\u00f6glichst zu vermeiden. Im Falle wird auch hier sofort nach dem Kunden und vor Betreten des neuen Kunden gereinigt und desinfiziert.<\/p>\n\n\n\n<ul class=\"wp-block-list\"><li>Behandlungsablauf<\/li><\/ul>\n\n\n\n<p>Dem Kunden wird sowohl bei Eintritt, als auch Verlassen des Salons die T\u00fcr ge\u00f6ffnet, so wird der Kontakt mit der T\u00fcrklinke durch mehrere Personen und somit \u00dcbertragungsm\u00f6glichkeit vermieden. Der vorab selbst desinfizierte Friseur isoliert den Kunden m\u00f6glichst von allen m\u00f6glichen Kontaktquellen. Hei\u00dft die H\u00e4nde werden desinfiziert und oder gewaschen, ein frischer, sterilisierter 3fach Schutz. (Handtuch, Umhang, Schneiderschutzmatte) wird angelegt, die Haare werden gewaschen. Der Kontakt mit Dingen im Salon, wie F\u00f6n oder B\u00fcrsten etc. ist nicht gestattet. Ebenso werden keine Getr\u00e4nke und Zeitschriften ausgegeben. F\u00fcr den Fall das der Kunde sein Handy nutzen m\u00f6chte, liegen Desinfektionst\u00fccher bereit. Handt\u00fccher werden sofort in einem W\u00e4schesack isoliert. Dies gilt ebenso f\u00fcr die Handt\u00fccher, die im WC Bereich zur Verf\u00fcgung stehen.<\/p>\n\n\n\n<p>Das Hygienekonzept wird je nach Lage und Verlauf der Pandemie bzw. anderen Notfallverordnung angepasst.<\/p>\n","protected":false},"excerpt":{"rendered":"<p>Hygienekonzept&nbsp; QuantumHair Ablauf einer Behandlung unter besonderen hygienischen Ma\u00dfnahmen &#8212; Stand 14.10.2021 &#8212; Seit Donnerstag dem 14.10.2021 gilt Warnstufe 0 mit 3G. Hei\u00dft der Kunde muss vorab nachgewiesen getestet, genesen oder geimpft sein. F\u00fcr Geimpfte entf\u00e4llt die Maskenpflicht. Ich, (der Friseur) trage weiterhin, trotz Impfung w\u00e4hrend der Pandemie Maske um Euch zu sch\u00fctzen. Bei Warnstufe<a href=\"https:\/\/quantumhair.de\/?page_id=521\">[&#8230;]<\/a><\/p>\n","protected":false},"author":1,"featured_media":525,"parent":2,"menu_order":1,"comment_status":"closed","ping_status":"closed","template":"template-blog-large.php","meta":{"footnotes":""},"class_list":["post-521","page","type-page","status-publish","has-post-thumbnail","hentry"],"jetpack_sharing_enabled":true,"_links":{"self":[{"href":"https:\/\/quantumhair.de\/index.php?rest_route=\/wp\/v2\/pages\/521","targetHints":{"allow":["GET"]}}],"collection":[{"href":"https:\/\/quantumhair.de\/index.php?rest_route=\/wp\/v2\/pages"}],"about":[{"href":"https:\/\/quantumhair.de\/index.php?rest_route=\/wp\/v2\/types\/page"}],"author":[{"embeddable":true,"href":"https:\/\/quantumhair.de\/index.php?rest_route=\/wp\/v2\/users\/1"}],"replies":[{"embeddable":true,"href":"https:\/\/quantumhair.de\/index.php?rest_route=%2Fwp%2Fv2%2Fcomments&post=521"}],"version-history":[{"count":2,"href":"https:\/\/quantumhair.de\/index.php?rest_route=\/wp\/v2\/pages\/521\/revisions"}],"predecessor-version":[{"id":527,"href":"https:\/\/quantumhair.de\/index.php?rest_route=\/wp\/v2\/pages\/521\/revisions\/527"}],"up":[{"embeddable":true,"href":"https:\/\/quantumhair.de\/index.php?rest_route=\/wp\/v2\/pages\/2"}],"wp:featuredmedia":[{"embeddable":true,"href":"https:\/\/quantumhair.de\/index.php?rest_route=\/wp\/v2\/media\/525"}],"wp:attachment":[{"href":"https:\/\/quantumhair.de\/index.php?rest_route=%2Fwp%2Fv2%2Fmedia&parent=521"}],"curies":[{"name":"wp","href":"https:\/\/api.w.org\/{rel}","templated":true}]}}